 - 5. Let t(w) = -w - 5. Let s(z) = -4*t(z) + 5*x(z). Calculate s(n).
-9
Let x(n) = 3*n**3 + n**2 + n - 1. Suppose 0*w = h - 5*w - 17, -w = -2*h + 7. Let u be 37/7 + h/(-7). Suppose -3*o = 2*o - u. Give x(o).
4
Let b(y) = -y**3 + 5*y**2 + 6*y - 4. Let i be b(6). Let q(g) = -13*g - 21. Let m(z) = 7*z + 11. Let v(s) = 11*m(s) + 6*q(s). Determine v(i).
-1
Let s(j) be the third derivative of -2*j**5/15 + j**4/24 + 4*j**2 + 5. Let r(x) = -x**2 - 3*x - 1. Let q be r(-2). What is s(q)?
-7
Let v(d) be the first derivative of -d**2 - 9*d + 35. Give v(-6).
3
Suppose -4*r - 8 = 0, 0*r - 4 = 2*o + 3*r. Let h(d) be the second derivative of d**3/2 + d**2/2 + 2*d. Calculate h(o).
4
Let n(d) be the first derivative of -7*d**4/4 + d**3/3 - 2. What is n(1)?
-6
Let y(q) = -q - 1. Let s be y(-4). Suppose 3*l = -l + 8. Let k(w) = 4 + w**3 - l*w**3 - 3*w**2 + w**3 + w**3. What is k(s)?
4
Let c be (-20)/4 - (2 - 3)*2. Let u(h) = -2*h**2 - 4*h. What is u(c)?
-6
Let t(c) = -c + 2 + 3 - 5. What is t(-5)?
5
Let r be 17/(3 - (1 + 1)). Suppose 16*v + 2 = r*v. Let b(q) = -q + 1. Determine b(v).
-1
Let i be (-2)/5 - (-4)/10. Let n(t) = 2*t + 1. Let q(r) = 11*r + 12. Let k(g) = 5*n(g) - q(g). What is k(i)?
-7
Let j(p) = p + 4. Suppose -x = -6*x - 35. Calculate j(x).
-3
Let t(o) = -o**2 + 10*o - 12. Let s be t(8). Let l(m) = m**3 - 5*m**2 + 5*m - 4. Determine l(s).
0
Let g(p) = 4*p**2 - 3*p + 1. Let d(a) = -7*a**2 + 5*a - 3. Let s(b) = 3*d(b) + 5*g(b). Determine s(-4).
-20
Suppose 0 = -q + 6 - 1. Suppose 2*z = -z - 6, -q*z + 5 = -5*h. Let u(v) = v**3 + 5*v**2 + 3*v - 1. What is u(h)?
8
Let f(k) be the first derivative of 5*k**3/3 - 9*k**2/2 - 41*k + 2. Let o(h) = -h**2 + 2*h + 8. Let q(d) = -2*f(d) - 11*o(d). Give q(6).
6
Let h(q) = -2*q - 5. Let p(r) = r. Let c(v) = -h(v) - 3*p(v). Determine c(4).
1
Let r be 1 + -2 - (-2)/(-2). Suppose 0 = 2*l - 4*c + 4 + 4, -2*l - c = -7. Let t(o) = 4*o + 13 - l*o - 11 + 0*o. Calculate t(r).
-2
Let q(a) = -a**3 + 6*a**2 - 2*a - 7. Let n be 2/5 + (-56)/(-10). Let c = 11 - n. What is q(c)?
8
Let y = 3 - -1. Let v be (-1)/((-21)/(-12) + -2). Let c(w) = -4*w - 2*w**2 + y*w**2 - 3*w**2 + v. Give c(-5).
-1
Let g(t) be the first derivative of 1 - 1/6*t**3 + t**2 + 2*t. Let i(j) be the first derivative of g(j). Give i(4).
-2
Let p(l) = -l**3 - 6*l**2 - 4*l + 1. Let s = 16 - 8. Suppose -4*m - s - 8 = 0. Calculate p(m).
-15
Suppose 3*r - r - 6 = 3*g, -3*r - 4 = 2*g. Let a(j) = -j**2 + j + 15. Calculate a(r).
15
Let j(g) = g + 2. Let i(v) = 4*v + 3. Let l be i(3). Suppose -2*b + 7*b + l = 0. Give j(b).
-1
Let v(c) be the first derivative of -c**7/840 - c**6/90 + c**5/30 - c**4/12 - 2*c**3 - 2. Let z(f) be the third derivative of v(f). Calculate z(-5).
3
Suppose -2*c + 5 = 2*z - 1, 5*z = -3*c + 9. Let y(v) = -v**2 + v - 5. Give y(z).
-5
Suppose -2*b = -0*b. Let l(a) = a + 19 - 27 + b*a. Let i be 0/((-1)/(1 + 0)). Calculate l(i).
-8
Let b(c) = -2*c + 3. Let g(d) = -5*d - 9. Let h(u) = -2*u - 4. Let o(t) = -3*g(t) + 7*h(t). Let f(v) = 3*b(v) + 12*o(v). Suppose 2 = 5*m - 8. Calculate f(m).
9
Suppose 0 = 5*u - 13 - 17. Let v(i) = -i + 6. What is v(u)?
0
Let v(t) be the first derivative of t**7/840 - 7*t**6/360 + t**5/15 - 3*t**4/8 - t**3/3 - 3. Let y(p) be the third derivative of v(p). Determine y(6).
3
Let o = 4 + -3. Suppose -1 = -v + 5*x + 14, 3*v + 2*x + 6 = 0. Let h(y) = 2 + v + o + y. Determine h(-4).
-1
Let c(y) be the third derivative of y**4/6 + y**3/6 - 15*y**2. Let v = 1 - -7. Suppose -5*u + 0*t = -t + 12, -u = -3*t + v. Calculate c(u).
-7
Suppose -4*k = -3 - 57. Let d = -13 + k. Let o(n) = -7*n + 1. Calculate o(d).
-13
Suppose -21*y + 26*y = -15. Let r(h) = h**3 + 3*h**2 + h + 1. What is r(y)?
-2
Suppose g + k = -4, -29 + 2 = -2*g + 5*k. Let o(i) = -2*i**3 - 2*i + 1. What is o(g)?
-3
Let v(o) be the third derivative of -o**6/120 - 7*o**5/60 - 7*o**4/24 - 4*o**3/3 - 11*o**2. What is v(-6)?
-2
Let n(w) be the first derivative of 0*w**4 + 1 + 1/90*w**6 + 0*w**2 + 2/3*w**3 + 0*w + 1/60*w**5. Let o(v) be the third derivative of n(v). Give o(-2).
12
Let x(r) = 2*r**3 + r**2 - r. Let s(o) = -7*o + 2. Let j(q) = -6*q + 2. Let b(d) = 6*j(d) - 5*s(d). Suppose 5 = 3*u + 2. Let h be b(u). Give x(h).
2
Let z(y) be the first derivative of y**2/2 - 3*y - 2. Suppose -p - 5*g = -3, -5*g - 11 = -5*p + 124. Suppose -5*v + 2*r - r = 11, -5*v - p = 2*r. Give z(v).
-6
Let m(h) = -h**3 - 6*h**2 - 6*h - 2. Let p be 32/6*3/2. Let r = 3 + -1. Suppose -2*t - p = r. Give m(t).
3
Suppose -24*u + 29*u + 40 = 0. Let j(l) = -2*l - 5. What is j(u)?
11
Let c(x) = 2*x**2 - 10*x - 6. Let o be c(5). Let l(z) be the first derivative of -z**4/4 - 7*z**3/3 - 3*z**2 + 4*z - 3. Calculate l(o).
4
Let w(b) = 7*b - 51. Let p be w(7). Let c(k) = -3*k**2 - 4*k - 3. Give c(p).
-7
Let a(k) = -k**3 - 4*k**2 - 3*k + 4. Let r = 7 - 4. Suppose 0 = -p - i - 7, -3*i - r = -3*p - 0*p. Determine a(p).
4
Let v(l) = -1 + 8 - 5*l**2 + 6*l**2. Let a(r) = -r + 5. Let i(p) = -p + 5. Let f(t) = 3*a(t) - 2*i(t). Let m be f(5). Calculate v(m).
7
Let x = 76 - 71. Let d(i) be the second derivative of -i**5/20 + 5*i**4/12 + 2*i**2 + i. What is d(x)?
4
Let t(q) be the second derivative of -q**7/504 + q**5/120 - q**4/12 + q. Let b(u) be the third derivative of t(u). What is b(1)?
-4
Suppose 3 - 1 = 4*l + y, -y = -l + 3. Let x(v) = -6 + l + 3 - 1 + 2*v. Determine x(4).
5
Let s(q) = -q - 1 - 2*q + 1. Determine s(-1).
3
Let y be (1 + -1)*(-2)/4. Let m(p) be the second derivative of p + 1/3*p**3 + 3*p**2 + y. What is m(-5)?
-4
Let r(u) = 6*u + 2. Let f = 33 - 49. Let c be (-16)/7 - f/56. Give r(c).
-10
Suppose -a + y + 3 = 4*y, -4*a = -2*y - 82. Let r(g) = -21*g - 3. Let i(h) = -h. Let u(n) = a*i(n) - r(n). What is u(-3)?
-6
Let g(f) = 118*f + 111*f - f**2 - 235*f - 7. What is g(-5)?
-2
Let k(r) be the first derivative of -r - 2 + 1/2*r**2. Determine k(3).
2
Let p(r) = 2*r. Suppose 3*x + n = -2*n - 6, 0 = 5*x - 5*n - 20. Let h be p(x). Let f(j) = -3*j**2 + 4 - j**2 + 4*j**h + j**2. Give f(0).
4
Let t(a) = -7*a**2 - 2*a - 1. Let u(f) = 4*f**2. Let w be u(-2). Suppose 4*s = 5*d - w, 3*d - 14 = -2*s - 0. Suppose 0 = -0*c + c + s. Determine t(c).
-6
Let w(f) be the first derivative of f**3 - f**2/2 - 1. Give w(-1).
4
Let h(q) = -q**2 + q - 3. Let z(t) = -t**3 - 5*t**2 + 1. Let x be z(-4). Let n be (-2)/(x/6 + 2). Suppose -y + 10 + 2 = 4*d, n*d - 12 = 3*y. Give h(d).
-9
Let q(f) = f**2 + 2*f + 3. Suppose x = 10*d - 8*d - 5, -2*d + 8 = 0. Calculate q(x).
18
Let m(d) = d + 5. Let a = 1 - 1. Let t be m(a). Let g(c) = 5*c + 3 - 5 - t - c**2. Determine g(5).
-7
Let w(l) = l**2 - 6*l - 7. Suppose -z - 3 = 0, j + 2*z - 4 = 6*j. Let t be 380/65 + j/(-13). What is w(t)?
-7
Suppose 4*c + 5*h = 38, -5 = -c - 3*h + 1. Suppose k + i = -0*i + 6, -c = -4*i. Let t(q) = 2*q**2 - 9*q**2 - k + 4*q**2 - 2*q. Give t(-2).
-11
Suppose 0 = -3*w - 33 - 0. Let a(k) = k + 2. What is a(w)?
-9
Let q(r) = -5*r**3 - 7*r**2 + 12*r + 6. Let h(m) = 2*m**3 + 4*m**2 - 6*m - 3. Let f(c) = -7*h(c) - 3*q(c). Let p be f(6). Let y(s) = 2*s + 1. Calculate y(p).
7
Let i(f) = -5*f + 11. Let u be i(3). Let k(b) = b**3 + 3*b**2 - 3*b + 3. What is k(u)?
-1
Let v(u) = u + 1. Let a be v(-6). Let t(r) = -4*r - 5. Let z be -1*2/(-2*1). Let w(i) = i - 1. Let d(l) = z*t(l) + 2*w(l). Give d(a).
3
Let x(v) = -v + 0*v - 1 - 3*v. Let j = 101 - 98. Calculate x(j).
-13
Suppose 11 - 3 = 2*g - 3*y, 4*g = 3*y + 16. Suppose 19 - 11 = g*r. Let n(k) = -k**3 + 2*k**2 - 2*k + 2. Determine n(r).
-2
Let m(z) = 3*z + 3. Let c be m(-4). Let s(d) = 5*d**3 + d**2 - 2*d - 1. Let u(q) = 11*q**3 + 3*q**2 - 5*q - 2. Let l(j) = c*s(j) + 4*u(j). Calculate l(3).
-5
Let m = 6 - 7. Let d be (-7)/2*12/(-21). Let y(t) = -3 + 2*t**2 - 5*t**3 + d + 2*t**3. Calculate y(m).
4
Let t(b) = -b - 5. Let n(y) = 2*y + 5. Let w(c) = -2*n(c) - 3*t(c). Give w(4).
1
Let l(v) = -v**3 + 9*v**2 - 7*v - 9. Suppose -68*k - 8 = -69*k. Calculate l(k).
-1
Let l(g) = 2*g**2 - 4*g + 2. Let w(x) = x. Let s(f) = -l(f) - 6*w(f). Let o(q) = -q**2 + 4 - q + 5*q - 5*q. Let t be o(-3). Calculate s(t).
-6
Let o(f) = f - 8*f - f**3 + 5 - 1 + 7*f**2. Determine o(6).
-2
Let m(s) = -7*s**3 - 3*s**2 - 3*s - 1. Let q(h) = -h**2 - h. Let k(x) = -m(x) + q(x). Calculate k(-1).
-6
Let t = 50 - 53. Let f(g) = 3*g - 3. Determine f(t).
-12
Let i